{"id":2,"date":"2016-05-10T03:48:21","date_gmt":"2016-05-10T03:48:21","guid":{"rendered":"http:\/\/wp.nhd-saxophonensemble.de\/?page_id=2"},"modified":"2021-08-19T12:02:59","modified_gmt":"2021-08-19T12:02:59","slug":"sample-page","status":"publish","type":"page","link":"https:\/\/nhd-saxophonensemble.de\/","title":{"rendered":"New House Demolition Saxophon Ensemble"},"content":{"rendered":"<h2>New House Demolition Saxophon Ensemble<\/h2>\n<p>Das New House Demolition Saxophon Ensemble besteht aus 6 begeisterten Hobbymusikern und mir, Christian Ro\u00dfmei\u00dfl. Ich bin staatl. gepr\u00fcfter Instrumentalmusiklehrer und Dozent an der VHS M\u00fcnchen.\u00a0 Zus\u00e4tzlich gebe ich Unterricht im <a href=\"http:\/\/www.werkhaus-ev.de\/html\/letsplay-music.html\">Werkhaus<\/a> M\u00fcnchen-Neuhausen f\u00fcr Saxophon, Klarinette und Querfl\u00f6te (<a href=\"http:\/\/www.letsplay-music.de\/\">letsplay-music<\/a>). Unser vielf\u00e4ltiges Programm umfasst Lieder aus den Bereichen des Pop, Jazz, Blues und der Filmmusik. Mit St\u00fccken wie z. B.\u00a0 \u201c Jump\u201d, \u201d Bad\u201d oder \u201cI got you\u201d gelingt es uns die Zuschauer mitzurei\u00dfen und zu begeistern.\u00a0 Der \u201c The Imperial March\u201d und das Titelthema aus dem neuen Star Trek Film bereichern unser Spektrum im Bereich anspruchsvoller Musikst\u00fccke. Insgesamt erstreckt sich unser Programm \u00fcber die Dauer bis zu 3 Stunden.<\/p>\n<p>Geschichte:<br \/>\n1998 hatten die Teilnehmer zweier VHS Kurse die Idee ein Ensemble zu gr\u00fcnden. Im ersten Jahr probten wir in getrennten Kursen. Im Jahr 2003 wurde von der VHS ein Ensemblekurs eingerichtet. Seitdem spielen wir in nahezu gleicher Besetzung zusammen Lieder aus allen Stilrichtungen. Gleich zu Beginn war es unser Ziel auf der B\u00fchne zu stehen und ein Publikum zu begeistern. Im Caf\u00e9 Wildwuchs des Werkhauses machten wir unsere ersten Schritte mit regelm\u00e4\u00dfigen Auftritten. Es folgten jedoch recht schnell der VHS Fr\u00fchschoppen am Haderner Stern zu Beginn der Faschingszeit sowie Hochzeiten und andere Feiern. Wir blicken zur\u00fcck auf unsere j\u00e4hrlichen Auftritte am 03.10. beim Oldtimerfest auf dem Flughafen in Jesenwang.\u00a0 H\u00f6hepunkte sind bis jetzt der Tag der Laienmusik im Gasteig, das Stadteilfest in Neuhausen sowie der Corso Leopold. 2015 hatten wir ein ACDC-special mit Rhythmusgruppe und 2016 haben wir bei der M\u00fcnchener Biennale, \u201cGaach, eine Volksoper\u201d, mitgewirkt.<\/p>\n<p>Besetzung:<br \/>\nUnser Ensemble umfasst ein Sopransaxophon, drei Altsaxophone, zwei Tenorsaxophone und ein Baritonsaxophon.<br \/>\nVon einem Teil unseres Programms gibt es die Noten auf <a href=\"https:\/\/www.sheetmusicplus.com\/publishers\/christian-ross-sheet-music\/3008290\">sheetmusicplus\u00a0<\/a>zum Kaufen. \u00dcbersicht auf <a href=\"http:\/\/www.letsplay-notes.de\">letsplay-notes<\/a><\/p>\n<p>E-Mail an <a href=\"mailto:info@nhd-saxophonensemble.de\">info@nhd-saxophonensemble.de<\/a><\/p>\n<p>Tel.: 017658825504.<\/p>\n<p>weiter Infos unter: <a href=\"http:\/\/www.letsplay-music.com\">www.letsplay-music.com<\/a><\/p>\n<p><img loading=\"lazy\" class=\"alignnone size-full wp-image-274\" src=\"https:\/\/nhd-saxophonensemble.de\/wp-content\/uploads\/2021\/08\/20151023_212737.jpg\" alt=\"\" width=\"289\" height=\"274\" \/><\/p>\n<p><img loading=\"lazy\" class=\"alignnone size-full wp-image-275\" src=\"https:\/\/nhd-saxophonensemble.de\/wp-content\/uploads\/2021\/08\/BD_sax-hadern_k-20.jpg\" alt=\"\" width=\"200\" height=\"300\" \/><\/p>\n<p><a href=\"http:\/\/www.gruen-design.de\/\">Fotos von gr\u00fcn-design<\/a><\/p>\n","protected":false},"excerpt":{"rendered":"<p>New House Demolition Saxophon Ensemble Das New House Demolition Saxophon Ensemble besteht aus 6 begeisterten Hobbymusikern und mir, Christian Ro\u00dfmei\u00dfl. Ich bin staatl. gepr\u00fcfter Instrumentalmusiklehrer und Dozent an der VHS M\u00fcnchen.\u00a0 Zus\u00e4tzlich gebe ich Unterricht im Werkhaus M\u00fcnchen-Neuhausen f\u00fcr Saxophon, Klarinette und Querfl\u00f6te (letsplay-music). Unser vielf\u00e4ltiges Programm umfasst Lieder aus den Bereichen des Pop, Jazz, &hellip; <\/p>\n<p class=\"link-more\"><a href=\"https:\/\/nhd-saxophonensemble.de\/\" class=\"more-link\"><span class=\"screen-reader-text\">\u201eNew House Demolition Saxophon Ensemble\u201c<\/span> weiterlesen<\/a><\/p>\n","protected":false},"author":1,"featured_media":0,"parent":0,"menu_order":0,"comment_status":"closed","ping_status":"open","template":"","meta":[],"_links":{"self":[{"href":"https:\/\/nhd-saxophonensemble.de\/index.php?rest_route=\/wp\/v2\/pages\/2"}],"collection":[{"href":"https:\/\/nhd-saxophonensemble.de\/index.php?rest_route=\/wp\/v2\/pages"}],"about":[{"href":"https:\/\/nhd-saxophonensemble.de\/index.php?rest_route=\/wp\/v2\/types\/page"}],"author":[{"embeddable":true,"href":"https:\/\/nhd-saxophonensemble.de\/index.php?rest_route=\/wp\/v2\/users\/1"}],"replies":[{"embeddable":true,"href":"https:\/\/nhd-saxophonensemble.de\/index.php?rest_route=%2Fwp%2Fv2%2Fcomments&post=2"}],"version-history":[{"count":5,"href":"https:\/\/nhd-saxophonensemble.de\/index.php?rest_route=\/wp\/v2\/pages\/2\/revisions"}],"predecessor-version":[{"id":276,"href":"https:\/\/nhd-saxophonensemble.de\/index.php?rest_route=\/wp\/v2\/pages\/2\/revisions\/276"}],"wp:attachment":[{"href":"https:\/\/nhd-saxophonensemble.de\/index.php?rest_route=%2Fwp%2Fv2%2Fmedia&parent=2"}],"curies":[{"name":"wp","href":"https:\/\/api.w.org\/{rel}","templated":true}]}}